{"id":649,"date":"2025-04-14T08:12:42","date_gmt":"2025-04-14T06:12:42","guid":{"rendered":"https:\/\/www.strykobaltazar.sk\/obchod\/?post_type=product&#038;p=649"},"modified":"2025-04-20T13:05:53","modified_gmt":"2025-04-20T11:05:53","slug":"cd-stryko-baltazar-pesnicky-do-auta","status":"publish","type":"product","link":"https:\/\/www.strykobaltazar.sk\/obchod\/index.php\/produkt\/cd-stryko-baltazar-pesnicky-do-auta\/","title":{"rendered":"CD Str\u00fdko Baltaz\u00e1r &#8211; Pesni\u010dky do auta"},"content":{"rendered":"\n<p><strong>Tracklist albumu<br><\/strong>1. Cesta okolo sveta 2:54, 2. Aut\u00e1 2:56, 3. Bal\u00f3n let\u00ed 3:01, 4. N\u00e1kla\u010f\u00e1k feat. SKETCH BROS 2:45, 5. Ide vl\u00e1\u010dik 2:30, 6. Hal\u00f3 2:18, 7. \u010cary &#8211; m\u00e1ry 2:49, 8. Klope d\u00e1\u017e\u010f 2:35, 9. \u010cist\u00e9 r\u00fa\u010dky 2:11, 10. Str\u00fdko Baltaz\u00e1r MEGAMIX 2025 7:22<\/p>\n","protected":false},"excerpt":{"rendered":"<p>Po ve\u013ekom \u00faspechu albumu U\u010d\u00edme sa tvary, vych\u00e1dza 4.album ob\u013e\u00faben\u00e9ho detsk\u00e9ho zab\u00e1va\u010da Str\u00fdka Baltaz\u00e1ra. Toto vesel\u00e9 CD v sebe ukr\u00fdva nov\u00e9 pesni\u010dky pre deti\u010dky, ale aj megamix najv\u00e4\u010d\u0161\u00edch doteraj\u0161\u00edch hitov. K spolupr\u00e1ci si tentokr\u00e1t Str\u00fdko Baltaz\u00e1r prizval aj popul\u00e1rnu dvojicu Sketch Bros, s ktor\u00fdmi naspieval piese\u0148 N\u00e1kla\u010f\u00e1k. Chyt\u013eav\u00e9 mel\u00f3die v\u00e1s roztancuj\u00fa, ale aj zabavia. Album je ur\u010den\u00fd pre rodiny s de\u0165mi, ktor\u00e9 si po ceste v aute, chc\u00fa veselo zaspieva\u0165 spolu so Str\u00fdkom. Majte sa rozpr\u00e1vkovo. Pap\u00e1\u2026<\/p>\n","protected":false},"featured_media":651,"comment_status":"open","ping_status":"closed","template":"","meta":[],"product_cat":[19,18],"product_tag":[],"yoast_head":"<!-- This site is optimized with the Yoast SEO plugin v21.6 - https:\/\/yoast.com\/wordpress\/plugins\/seo\/ -->\n<title>CD Str\u00fdko Baltaz\u00e1r - Pesni\u010dky do auta - Str\u00fdko Baltaz\u00e1r<\/title>\n<meta name=\"robots\" content=\"index, follow, max-snippet:-1, max-image-preview:large, max-video-preview:-1\" \/>\n<link rel=\"canonical\" href=\"https:\/\/www.strykobaltazar.sk\/obchod\/index.php\/produkt\/cd-stryko-baltazar-pesnicky-do-auta\/\" \/>\n<meta property=\"og:locale\" content=\"sk_SK\" \/>\n<meta property=\"og:type\" content=\"article\" \/>\n<meta property=\"og:title\" content=\"CD Str\u00fdko Baltaz\u00e1r - Pesni\u010dky do auta - Str\u00fdko Baltaz\u00e1r\" \/>\n<meta property=\"og:description\" content=\"Po ve\u013ekom \u00faspechu albumu U\u010d\u00edme sa tvary, vych\u00e1dza 4.album ob\u013e\u00faben\u00e9ho detsk\u00e9ho zab\u00e1va\u010da Str\u00fdka Baltaz\u00e1ra. Toto vesel\u00e9 CD v sebe ukr\u00fdva nov\u00e9 pesni\u010dky pre deti\u010dky, ale aj megamix najv\u00e4\u010d\u0161\u00edch doteraj\u0161\u00edch hitov. K spolupr\u00e1ci si tentokr\u00e1t Str\u00fdko Baltaz\u00e1r prizval aj popul\u00e1rnu dvojicu Sketch Bros, s ktor\u00fdmi naspieval piese\u0148 N\u00e1kla\u010f\u00e1k. Chyt\u013eav\u00e9 mel\u00f3die v\u00e1s roztancuj\u00fa, ale aj zabavia. Album je ur\u010den\u00fd pre rodiny s de\u0165mi, ktor\u00e9 si po ceste v aute, chc\u00fa veselo zaspieva\u0165 spolu so Str\u00fdkom. Majte sa rozpr\u00e1vkovo. Pap\u00e1\u2026\" \/>\n<meta property=\"og:url\" content=\"https:\/\/www.strykobaltazar.sk\/obchod\/index.php\/produkt\/cd-stryko-baltazar-pesnicky-do-auta\/\" \/>\n<meta property=\"og:site_name\" content=\"Str\u00fdko Baltaz\u00e1r\" \/>\n<meta property=\"article:modified_time\" content=\"2025-04-20T11:05:53+00:00\" \/>\n<meta property=\"og:image\" content=\"https:\/\/www.strykobaltazar.sk\/obchod\/wp-content\/uploads\/2025\/04\/Pesnicky_do_auta.jpg\" \/>\n\t<meta property=\"og:image:width\" content=\"1000\" \/>\n\t<meta property=\"og:image:height\" content=\"1005\" \/>\n\t<meta property=\"og:image:type\" content=\"image\/jpeg\" \/>\n<meta name=\"twitter:card\" content=\"summary_large_image\" \/>\n<script type=\"application\/ld+json\" class=\"yoast-schema-graph\">{\"@context\":\"https:\/\/schema.org\",\"@graph\":[{\"@type\":\"WebPage\",\"@id\":\"https:\/\/www.strykobaltazar.sk\/obchod\/index.php\/produkt\/cd-stryko-baltazar-pesnicky-do-auta\/\",\"url\":\"https:\/\/www.strykobaltazar.sk\/obchod\/index.php\/produkt\/cd-stryko-baltazar-pesnicky-do-auta\/\",\"name\":\"CD Str\u00fdko Baltaz\u00e1r - Pesni\u010dky do auta - Str\u00fdko Baltaz\u00e1r\",\"isPartOf\":{\"@id\":\"https:\/\/www.strykobaltazar.sk\/obchod\/#website\"},\"datePublished\":\"2025-04-14T06:12:42+00:00\",\"dateModified\":\"2025-04-20T11:05:53+00:00\",\"breadcrumb\":{\"@id\":\"https:\/\/www.strykobaltazar.sk\/obchod\/index.php\/produkt\/cd-stryko-baltazar-pesnicky-do-auta\/#breadcrumb\"},\"inLanguage\":\"sk-SK\",\"potentialAction\":[{\"@type\":\"ReadAction\",\"target\":[\"https:\/\/www.strykobaltazar.sk\/obchod\/index.php\/produkt\/cd-stryko-baltazar-pesnicky-do-auta\/\"]}]},{\"@type\":\"BreadcrumbList\",\"@id\":\"https:\/\/www.strykobaltazar.sk\/obchod\/index.php\/produkt\/cd-stryko-baltazar-pesnicky-do-auta\/#breadcrumb\",\"itemListElement\":[{\"@type\":\"ListItem\",\"position\":1,\"name\":\"Home\",\"item\":\"https:\/\/www.strykobaltazar.sk\/obchod\/\"},{\"@type\":\"ListItem\",\"position\":2,\"name\":\"E-SHOP\",\"item\":\"https:\/\/www.strykobaltazar.sk\/obchod\/index.php\/shop\/\"},{\"@type\":\"ListItem\",\"position\":3,\"name\":\"CD Str\u00fdko Baltaz\u00e1r &#8211; Pesni\u010dky do auta\"}]},{\"@type\":\"WebSite\",\"@id\":\"https:\/\/www.strykobaltazar.sk\/obchod\/#website\",\"url\":\"https:\/\/www.strykobaltazar.sk\/obchod\/\",\"name\":\"Str\u00fdko Baltaz\u00e1r\",\"description\":\"Ob\u013e\u00faben\u00e9 detsk\u00e9 pesni\u010dky, nov\u00e9 vide\u00e1, rozpr\u00e1vky a svet pln\u00fd fant\u00e1zie. Str\u00fdko Baltaz\u00e1r je jedine\u010dn\u00fd detsk\u00fd zab\u00e1va\u010d, ktor\u00fd spolu s Mackom Popletkom zab\u00e1va deti\u010dky aj na TV RIK v \u00faspe\u0161nej detskej rel\u00e1cii TELKA STR\u00ddKA BALTAZ\u00c1RA\",\"publisher\":{\"@id\":\"https:\/\/www.strykobaltazar.sk\/obchod\/#organization\"},\"potentialAction\":[{\"@type\":\"SearchAction\",\"target\":{\"@type\":\"EntryPoint\",\"urlTemplate\":\"https:\/\/www.strykobaltazar.sk\/obchod\/?s={search_term_string}\"},\"query-input\":\"required name=search_term_string\"}],\"inLanguage\":\"sk-SK\"},{\"@type\":\"Organization\",\"@id\":\"https:\/\/www.strykobaltazar.sk\/obchod\/#organization\",\"name\":\"Str\u00fdko Baltaz\u00e1r\",\"url\":\"https:\/\/www.strykobaltazar.sk\/obchod\/\",\"logo\":{\"@type\":\"ImageObject\",\"inLanguage\":\"sk-SK\",\"@id\":\"https:\/\/www.strykobaltazar.sk\/obchod\/#\/schema\/logo\/image\/\",\"url\":\"https:\/\/www.strykobaltazar.sk\/obchod\/wp-content\/uploads\/2023\/12\/Stryko-Baltazar-logo2.png\",\"contentUrl\":\"https:\/\/www.strykobaltazar.sk\/obchod\/wp-content\/uploads\/2023\/12\/Stryko-Baltazar-logo2.png\",\"width\":846,\"height\":846,\"caption\":\"Str\u00fdko Baltaz\u00e1r\"},\"image\":{\"@id\":\"https:\/\/www.strykobaltazar.sk\/obchod\/#\/schema\/logo\/image\/\"}}]}<\/script>\n<!-- \/ Yoast SEO plugin. -->","yoast_head_json":{"title":"CD Str\u00fdko Baltaz\u00e1r - Pesni\u010dky do auta - Str\u00fdko Baltaz\u00e1r","robots":{"index":"index","follow":"follow","max-snippet":"max-snippet:-1","max-image-preview":"max-image-preview:large","max-video-preview":"max-video-preview:-1"},"canonical":"https:\/\/www.strykobaltazar.sk\/obchod\/index.php\/produkt\/cd-stryko-baltazar-pesnicky-do-auta\/","og_locale":"sk_SK","og_type":"article","og_title":"CD Str\u00fdko Baltaz\u00e1r - Pesni\u010dky do auta - Str\u00fdko Baltaz\u00e1r","og_description":"Po ve\u013ekom \u00faspechu albumu U\u010d\u00edme sa tvary, vych\u00e1dza 4.album ob\u013e\u00faben\u00e9ho detsk\u00e9ho zab\u00e1va\u010da Str\u00fdka Baltaz\u00e1ra. Toto vesel\u00e9 CD v sebe ukr\u00fdva nov\u00e9 pesni\u010dky pre deti\u010dky, ale aj megamix najv\u00e4\u010d\u0161\u00edch doteraj\u0161\u00edch hitov. K spolupr\u00e1ci si tentokr\u00e1t Str\u00fdko Baltaz\u00e1r prizval aj popul\u00e1rnu dvojicu Sketch Bros, s ktor\u00fdmi naspieval piese\u0148 N\u00e1kla\u010f\u00e1k. Chyt\u013eav\u00e9 mel\u00f3die v\u00e1s roztancuj\u00fa, ale aj zabavia. Album je ur\u010den\u00fd pre rodiny s de\u0165mi, ktor\u00e9 si po ceste v aute, chc\u00fa veselo zaspieva\u0165 spolu so Str\u00fdkom. Majte sa rozpr\u00e1vkovo. Pap\u00e1\u2026","og_url":"https:\/\/www.strykobaltazar.sk\/obchod\/index.php\/produkt\/cd-stryko-baltazar-pesnicky-do-auta\/","og_site_name":"Str\u00fdko Baltaz\u00e1r","article_modified_time":"2025-04-20T11:05:53+00:00","og_image":[{"width":1000,"height":1005,"url":"https:\/\/www.strykobaltazar.sk\/obchod\/wp-content\/uploads\/2025\/04\/Pesnicky_do_auta.jpg","type":"image\/jpeg"}],"twitter_card":"summary_large_image","schema":{"@context":"https:\/\/schema.org","@graph":[{"@type":"WebPage","@id":"https:\/\/www.strykobaltazar.sk\/obchod\/index.php\/produkt\/cd-stryko-baltazar-pesnicky-do-auta\/","url":"https:\/\/www.strykobaltazar.sk\/obchod\/index.php\/produkt\/cd-stryko-baltazar-pesnicky-do-auta\/","name":"CD Str\u00fdko Baltaz\u00e1r - Pesni\u010dky do auta - Str\u00fdko Baltaz\u00e1r","isPartOf":{"@id":"https:\/\/www.strykobaltazar.sk\/obchod\/#website"},"datePublished":"2025-04-14T06:12:42+00:00","dateModified":"2025-04-20T11:05:53+00:00","breadcrumb":{"@id":"https:\/\/www.strykobaltazar.sk\/obchod\/index.php\/produkt\/cd-stryko-baltazar-pesnicky-do-auta\/#breadcrumb"},"inLanguage":"sk-SK","potentialAction":[{"@type":"ReadAction","target":["https:\/\/www.strykobaltazar.sk\/obchod\/index.php\/produkt\/cd-stryko-baltazar-pesnicky-do-auta\/"]}]},{"@type":"BreadcrumbList","@id":"https:\/\/www.strykobaltazar.sk\/obchod\/index.php\/produkt\/cd-stryko-baltazar-pesnicky-do-auta\/#breadcrumb","itemListElement":[{"@type":"ListItem","position":1,"name":"Home","item":"https:\/\/www.strykobaltazar.sk\/obchod\/"},{"@type":"ListItem","position":2,"name":"E-SHOP","item":"https:\/\/www.strykobaltazar.sk\/obchod\/index.php\/shop\/"},{"@type":"ListItem","position":3,"name":"CD Str\u00fdko Baltaz\u00e1r &#8211; Pesni\u010dky do auta"}]},{"@type":"WebSite","@id":"https:\/\/www.strykobaltazar.sk\/obchod\/#website","url":"https:\/\/www.strykobaltazar.sk\/obchod\/","name":"Str\u00fdko Baltaz\u00e1r","description":"Ob\u013e\u00faben\u00e9 detsk\u00e9 pesni\u010dky, nov\u00e9 vide\u00e1, rozpr\u00e1vky a svet pln\u00fd fant\u00e1zie. Str\u00fdko Baltaz\u00e1r je jedine\u010dn\u00fd detsk\u00fd zab\u00e1va\u010d, ktor\u00fd spolu s Mackom Popletkom zab\u00e1va deti\u010dky aj na TV RIK v \u00faspe\u0161nej detskej rel\u00e1cii TELKA STR\u00ddKA BALTAZ\u00c1RA","publisher":{"@id":"https:\/\/www.strykobaltazar.sk\/obchod\/#organization"},"potentialAction":[{"@type":"SearchAction","target":{"@type":"EntryPoint","urlTemplate":"https:\/\/www.strykobaltazar.sk\/obchod\/?s={search_term_string}"},"query-input":"required name=search_term_string"}],"inLanguage":"sk-SK"},{"@type":"Organization","@id":"https:\/\/www.strykobaltazar.sk\/obchod\/#organization","name":"Str\u00fdko Baltaz\u00e1r","url":"https:\/\/www.strykobaltazar.sk\/obchod\/","logo":{"@type":"ImageObject","inLanguage":"sk-SK","@id":"https:\/\/www.strykobaltazar.sk\/obchod\/#\/schema\/logo\/image\/","url":"https:\/\/www.strykobaltazar.sk\/obchod\/wp-content\/uploads\/2023\/12\/Stryko-Baltazar-logo2.png","contentUrl":"https:\/\/www.strykobaltazar.sk\/obchod\/wp-content\/uploads\/2023\/12\/Stryko-Baltazar-logo2.png","width":846,"height":846,"caption":"Str\u00fdko Baltaz\u00e1r"},"image":{"@id":"https:\/\/www.strykobaltazar.sk\/obchod\/#\/schema\/logo\/image\/"}}]}},"jetpack_sharing_enabled":true,"_links":{"self":[{"href":"https:\/\/www.strykobaltazar.sk\/obchod\/index.php\/wp-json\/wp\/v2\/product\/649"}],"collection":[{"href":"https:\/\/www.strykobaltazar.sk\/obchod\/index.php\/wp-json\/wp\/v2\/product"}],"about":[{"href":"https:\/\/www.strykobaltazar.sk\/obchod\/index.php\/wp-json\/wp\/v2\/types\/product"}],"replies":[{"embeddable":true,"href":"https:\/\/www.strykobaltazar.sk\/obchod\/index.php\/wp-json\/wp\/v2\/comments?post=649"}],"version-history":[{"count":1,"href":"https:\/\/www.strykobaltazar.sk\/obchod\/index.php\/wp-json\/wp\/v2\/product\/649\/revisions"}],"predecessor-version":[{"id":652,"href":"https:\/\/www.strykobaltazar.sk\/obchod\/index.php\/wp-json\/wp\/v2\/product\/649\/revisions\/652"}],"wp:featuredmedia":[{"embeddable":true,"href":"https:\/\/www.strykobaltazar.sk\/obchod\/index.php\/wp-json\/wp\/v2\/media\/651"}],"wp:attachment":[{"href":"https:\/\/www.strykobaltazar.sk\/obchod\/index.php\/wp-json\/wp\/v2\/media?parent=649"}],"wp:term":[{"taxonomy":"product_cat","embeddable":true,"href":"https:\/\/www.strykobaltazar.sk\/obchod\/index.php\/wp-json\/wp\/v2\/product_cat?post=649"},{"taxonomy":"product_tag","embeddable":true,"href":"https:\/\/www.strykobaltazar.sk\/obchod\/index.php\/wp-json\/wp\/v2\/product_tag?post=649"}],"curies":[{"name":"wp","href":"https:\/\/api.w.org\/{rel}","templated":true}]}}